{"id":2992,"date":"2024-12-20T18:53:56","date_gmt":"2024-12-20T17:53:56","guid":{"rendered":"https:\/\/etereafisioestetica.com\/?page_id=2992"},"modified":"2026-03-20T10:48:35","modified_gmt":"2026-03-20T09:48:35","slug":"laser-blauman-milesman","status":"publish","type":"page","link":"https:\/\/etereafisioestetica.com\/?page_id=2992","title":{"rendered":"L\u00e1ser Blauman Milesman"},"content":{"rendered":"\n<div class=\"wp-block-columns alignfull is-layout-flex wp-container-core-columns-is-layout-9d6595d7 wp-block-columns-is-layout-flex\">\n<div class=\"wp-block-column is-layout-flow wp-block-column-is-layout-flow\" style=\"flex-basis:50%\">\n<div class=\"wp-block-cover is-light\" style=\"min-height:600px;aspect-ratio:unset;\"><span aria-hidden=\"true\" class=\"wp-block-cover__background has-background-dim-100 has-background-dim\" style=\"background-color:#f6f6f6\"><\/span><div class=\"wp-block-cover__inner-container is-layout-flow wp-block-cover-is-layout-flow\"><div class=\"wp-block-image\">\n<figure class=\"aligncenter size-full\"><img fetchpriority=\"high\" decoding=\"async\" width=\"512\" height=\"512\" src=\"https:\/\/etereafisioestetica.com\/wp-content\/uploads\/2024\/12\/laser-azul-sel.jpg\" alt=\"\" class=\"wp-image-2989\" srcset=\"https:\/\/etereafisioestetica.com\/wp-content\/uploads\/2024\/12\/laser-azul-sel.jpg 512w, https:\/\/etereafisioestetica.com\/wp-content\/uploads\/2024\/12\/laser-azul-sel-300x300.jpg 300w, https:\/\/etereafisioestetica.com\/wp-content\/uploads\/2024\/12\/laser-azul-sel-100x100.jpg 100w, https:\/\/etereafisioestetica.com\/wp-content\/uploads\/2024\/12\/laser-azul-sel-150x150.jpg 150w\" sizes=\"(max-width: 512px) 100vw, 512px\" \/><figcaption class=\"wp-element-caption\"><strong>L\u00e1ser Blauman Milesman<\/strong><\/figcaption><\/figure>\n<\/div><\/div><\/div>\n<\/div>\n\n\n\n<div class=\"wp-block-column is-vertically-aligned-center is-layout-flow wp-block-column-is-layout-flow\" style=\"padding-top:1em;padding-right:1em;padding-bottom:1em;padding-left:1em\">\n<div class=\"wp-block-columns is-layout-flex wp-container-core-columns-is-layout-9d6595d7 wp-block-columns-is-layout-flex\">\n<div class=\"wp-block-column is-layout-flow wp-block-column-is-layout-flow\" style=\"flex-basis:320px\">\n<p class=\"has-small-font-size\" style=\"line-height:1.6\"><strong>\u00bfQu\u00e9 es el l\u00e1ser azul?<\/strong><\/p>\n\n\n\n<p class=\"has-small-font-size\" style=\"line-height:1.6\">L\u00e1ser Blauman Milesman o <strong>L\u00e1ser Azul<\/strong> es un tratamiento para la eliminaci\u00f3n de lesiones est\u00e9ticas\u00a0<strong>benignas<\/strong>. Este l\u00e1ser emite un tipo de luz que es absorbida por la hemoglobina de las lesiones, que son eliminadas de forma efectiva y segura.<\/p>\n\n\n\n<p class=\"has-small-font-size\" style=\"line-height:1.6\">Es ideal para eliminar en una sola sesi\u00f3n imperfecciones como:\u00a0<\/p>\n\n\n\n<ul class=\"wp-block-list\">\n<li class=\"has-small-font-size\">Lesiones pigmentadas (lunares abultados, nevus, lentigos solares).<\/li>\n\n\n\n<li class=\"has-small-font-size\">Lesiones vasculares superficiales (telangiectasias faciales, angiomas, puntos rub\u00ed).<\/li>\n\n\n\n<li class=\"has-small-font-size\">Otro tipo de abultamientos y fibromas benignos (acrocordones, verrugas, queratosis seborreicas, milium, hiperplasias seb\u00e1ceas o quistes seb\u00e1ceos).<\/li>\n\n\n\n<li class=\"has-small-font-size\">Acn\u00e9 (puede requerir m\u00e1s de una sesi\u00f3n).<\/li>\n<\/ul>\n<\/div>\n<\/div>\n<\/div>\n<\/div>\n\n\n\n<div class=\"wp-block-columns is-layout-flex wp-container-core-columns-is-layout-9d6595d7 wp-block-columns-is-layout-flex\">\n<div class=\"wp-block-column is-layout-flow wp-block-column-is-layout-flow\">\n<h5 class=\"wp-block-heading\">Cuidados posteriores<\/h5>\n\n\n\n<p class=\"has-small-font-size\">Los cuidados despu\u00e9s del tratamiento son m\u00ednimos.&nbsp;<\/p>\n\n\n\n<p class=\"has-small-font-size\">Una vez tratada la lesi\u00f3n y en cuesti\u00f3n de unas horas, saldr\u00e1 una peque\u00f1a costra que se debe dejar curar de forma natural, sin humedecer ni ablandarla para no acelerar su ca\u00edda y que pueda quedar una marca.<\/p>\n\n\n\n<p class=\"has-small-font-size\">Se recomienda el uso de una crema regenerante una vez que la costra haya ca\u00eddo para acelerar su curaci\u00f3n.<\/p>\n\n\n\n<p class=\"has-small-font-size\">Es muy&nbsp;<strong>importante&nbsp;<\/strong>la aplicaci\u00f3n de crema solar con protecci\u00f3n alta sobre la zona tratada hasta que est\u00e9 totalmente regenerada la piel, para evitar pigmentaciones no deseadas.<\/p>\n<\/div>\n<\/div>\n\n\n\n<p>\u00a0<strong><em>\u00a1A tener en cuenta!<\/em><\/strong><\/p>\n\n\n\n<p class=\"has-white-color has-text-color has-background\" style=\"background-color:#ab6740;font-size:16px\">Las lesiones son valoradas primeramente por un dermat\u00f3logo, el tratamiento es r\u00e1pido, efectivo, sin dolor y sin anestesia.<\/p>\n\n\n\n<div style=\"height:50px\" aria-hidden=\"true\" class=\"wp-block-spacer\"><\/div>\n\n\n\n<p><\/p>\n","protected":false},"excerpt":{"rendered":"<p>\u00bfQu\u00e9 es el l\u00e1ser azul? L\u00e1ser Blauman Milesman o L\u00e1ser Azul es un tratamiento para la eliminaci\u00f3n de lesiones est\u00e9ticas\u00a0benignas. Este l\u00e1ser emite un tipo de luz&#8230;<\/p>\n","protected":false},"author":1,"featured_media":0,"parent":3058,"menu_order":0,"comment_status":"closed","ping_status":"closed","template":"","meta":{"_monsterinsights_skip_tracking":false,"_monsterinsights_sitenote_active":false,"_monsterinsights_sitenote_note":"","_monsterinsights_sitenote_category":0,"footnotes":""},"class_list":["post-2992","page","type-page","status-publish","hentry"],"jetpack_sharing_enabled":true,"_links":{"self":[{"href":"https:\/\/etereafisioestetica.com\/index.php?rest_route=\/wp\/v2\/pages\/2992","targetHints":{"allow":["GET"]}}],"collection":[{"href":"https:\/\/etereafisioestetica.com\/index.php?rest_route=\/wp\/v2\/pages"}],"about":[{"href":"https:\/\/etereafisioestetica.com\/index.php?rest_route=\/wp\/v2\/types\/page"}],"author":[{"embeddable":true,"href":"https:\/\/etereafisioestetica.com\/index.php?rest_route=\/wp\/v2\/users\/1"}],"replies":[{"embeddable":true,"href":"https:\/\/etereafisioestetica.com\/index.php?rest_route=%2Fwp%2Fv2%2Fcomments&post=2992"}],"version-history":[{"count":1,"href":"https:\/\/etereafisioestetica.com\/index.php?rest_route=\/wp\/v2\/pages\/2992\/revisions"}],"predecessor-version":[{"id":2994,"href":"https:\/\/etereafisioestetica.com\/index.php?rest_route=\/wp\/v2\/pages\/2992\/revisions\/2994"}],"up":[{"embeddable":true,"href":"https:\/\/etereafisioestetica.com\/index.php?rest_route=\/wp\/v2\/pages\/3058"}],"wp:attachment":[{"href":"https:\/\/etereafisioestetica.com\/index.php?rest_route=%2Fwp%2Fv2%2Fmedia&parent=2992"}],"curies":[{"name":"wp","href":"https:\/\/api.w.org\/{rel}","templated":true}]}}