{"id":2830,"date":"2023-03-21T00:03:13","date_gmt":"2023-03-20T23:03:13","guid":{"rendered":"https:\/\/etereafisioestetica.com\/?page_id=2830"},"modified":"2026-03-20T10:47:01","modified_gmt":"2026-03-20T09:47:01","slug":"bronceado-sin-sol","status":"publish","type":"page","link":"https:\/\/etereafisioestetica.com\/?page_id=2830","title":{"rendered":"Bronceado sin sol"},"content":{"rendered":"\r\n<div class=\"wp-block-columns alignfull is-layout-flex wp-container-core-columns-is-layout-9d6595d7 wp-block-columns-is-layout-flex\">\r\n<div class=\"wp-block-column is-layout-flow wp-block-column-is-layout-flow\" style=\"flex-basis: 50%;\">\r\n<div class=\"wp-block-cover is-light\" style=\"min-height: 600px;aspect-ratio:unset;\">\r\n<div class=\"wp-block-cover__inner-container is-layout-flow wp-block-cover-is-layout-flow\"><div class=\"wp-block-image\">\r\n<figure class=\"aligncenter size-full\"><img fetchpriority=\"high\" decoding=\"async\" width=\"512\" height=\"512\" class=\"wp-image-2833\" src=\"https:\/\/etereafisioestetica.com\/wp-content\/uploads\/2023\/03\/bronceado.jpg\" alt=\"\" srcset=\"https:\/\/etereafisioestetica.com\/wp-content\/uploads\/2023\/03\/bronceado.jpg 512w, https:\/\/etereafisioestetica.com\/wp-content\/uploads\/2023\/03\/bronceado-300x300.jpg 300w, https:\/\/etereafisioestetica.com\/wp-content\/uploads\/2023\/03\/bronceado-100x100.jpg 100w, https:\/\/etereafisioestetica.com\/wp-content\/uploads\/2023\/03\/bronceado-150x150.jpg 150w\" sizes=\"(max-width: 512px) 100vw, 512px\" \/>\r\n<figcaption><strong>Bronceado sin sol<\/strong><\/figcaption>\r\n<\/figure>\r\n<\/div><\/div>\r\n<\/div>\r\n<\/div>\r\n\r\n\r\n\r\n<div class=\"wp-block-column is-vertically-aligned-center is-layout-flow wp-block-column-is-layout-flow\" style=\"padding: 1em;\">\r\n<div class=\"wp-block-columns is-layout-flex wp-container-core-columns-is-layout-9d6595d7 wp-block-columns-is-layout-flex\">\r\n<div class=\"wp-block-column is-layout-flow wp-block-column-is-layout-flow\" style=\"flex-basis: 320px;\">\r\n<p class=\"has-text-color\" style=\"color: #ab6740; font-size: 14px; line-height: 1.6;\"><strong>\u00bfEn qu\u00e9 consiste el bronceado organico?<\/strong><\/p>\r\n\r\n\r\n\r\n<p class=\"has-small-font-size\">Es un bronceado en spray, <strong>100% natural<\/strong>, <strong>sin parabenos<\/strong>, vegano, sin sol, sin olor a bronceado falso y sin UVA, produciendo un bronceado sano, en <strong>una \u00fanica sesi\u00f3n de 15 minutos<\/strong>.<\/p>\r\n\r\n\r\n\r\n<p class=\"has-text-align-left has-text-color\" style=\"color: #ab6740; font-size: 14px;\"><strong>\u00bfCu\u00e1nto dura?<\/strong><\/p>\r\n\r\n\r\n\r\n<p class=\"has-small-font-size\">El bronceado se aprecia de forma inmediata tras la pulverizaci\u00f3n y aumenta progresivamente durante las siguientes horas, manteni\u00e9ndose <strong>entre<\/strong> <strong>7-10 d\u00edas<\/strong> dependiendo del pH de la piel y los cuidados posteriores.<\/p>\r\n\r\n\r\n\r\n<p class=\"has-text-color\" style=\"color: #ab6740; font-size: 14px;\"><strong>\u00bfQui\u00e9n puede utilizar este tipo de bronceado?<\/strong><\/p>\r\n\r\n\r\n\r\n<p class=\"has-small-font-size\">Cualquier tipo de persona, embarazadas, pieles at\u00f3picas, pieles con manchas..<\/p>\r\n\r\n\r\n\r\n<p class=\"has-small-font-size\">Al ser un producto natural, a base de aceites, est\u00e1 recomendado para cualquier tipo de piel, haci\u00e9ndola lucir m\u00e1s hidratada, brillante y sana.<\/p>\r\n<\/div>\r\n<\/div>\r\n<\/div>\r\n<\/div>\r\n\r\n\r\n\r\n<div class=\"wp-block-columns is-layout-flex wp-container-core-columns-is-layout-9d6595d7 wp-block-columns-is-layout-flex\">\r\n<div class=\"wp-block-column is-layout-flow wp-block-column-is-layout-flow\">\r\n<h5 class=\"has-text-color wp-block-heading\" style=\"color: #ab6740; font-size: 14px;\">\u00bfQu\u00e9 necesitas preparar para tu sesi\u00f3n de bronceado?<\/h5>\r\n\r\n\r\n\r\n<h2 class=\"wp-block-heading\" style=\"font-size: 18px;\">PRE BRONCEADO \u27a1 24HS ANTES<\/h2>\r\n\r\n\r\n\r\n<ul class=\"has-small-font-size wp-block-list\">\r\n<li>Exfolia tu piel, preferiblemente con un guante de crin.<\/li>\r\n<li>Depila las partes deseadas de tu cuerpo<\/li>\r\n<li>No uses cremas ni aceites hidratantes<\/li>\r\n<\/ul>\r\n\r\n\r\n\r\n<h2 class=\"wp-block-heading\" style=\"font-size: 18px;\">BRONCEADO \u27a1 D\u00cdA DE TU CITA<\/h2>\r\n\r\n\r\n\r\n<ul class=\"has-small-font-size wp-block-list\">\r\n<li>Acude a tu cita sin cremas, maquillajes, aceites ni desodorantes.<\/li>\r\n<li>Evita llevar joyas y relojes.<\/li>\r\n<li>Acude a tu cita con ropa de color oscuro y suelta.<\/li>\r\n<\/ul>\r\n\r\n\r\n\r\n<h2 class=\"wp-block-heading\" style=\"font-size: 18px;\">POST BRONCEADO \u27a1 24HS DESPU\u00c9S<\/h2>\r\n\r\n\r\n\r\n<ul class=\"has-small-font-size wp-block-list\">\r\n<li>Realiza la primera ducha a la hora que te indiquemos. Con agua tibia, usando jab\u00f3n solo en las partes \u00edntimas, sin exfoliar y ni usar esponjas. Seca a toques y no restriegues.\u00a0\r\n<ul>\r\n<li><strong>\u00a1TEN EN CUENTA!<\/strong> En esta primera ducha, se eliminar\u00e1n los correctores de color que son gu\u00edas para realizar el bronceado. Los activos bronceadores comienzan a actuar inmediatamente despu\u00e9s de la aplicaci\u00f3n y se desarrollar\u00e1 completamente en las pr\u00f3ximas 24 hs.<\/li>\r\n<\/ul>\r\n<\/li>\r\n<li>Tras la primera ducha regular a las 12-24 hs, hidrata tu piel con cremas o aceites hidratantes. De esta forma ayudar\u00e1s a que el bronceado dure mucho m\u00e1s tiempo en un estado \u00f3ptimo.<\/li>\r\n<li>Hidrata tu cuerpo tambi\u00e9n por dentro. Bebe mucha agua.<\/li>\r\n<\/ul>\r\n<\/div>\r\n<\/div>\r\n\r\n\r\n\r\n<figure class=\"wp-block-image size-full\"><img decoding=\"async\" width=\"1920\" height=\"640\" class=\"wp-image-2846\" src=\"https:\/\/etereafisioestetica.com\/wp-content\/uploads\/2023\/03\/Bronceado-sin-sol.jpg\" alt=\"\" srcset=\"https:\/\/etereafisioestetica.com\/wp-content\/uploads\/2023\/03\/Bronceado-sin-sol.jpg 1920w, https:\/\/etereafisioestetica.com\/wp-content\/uploads\/2023\/03\/Bronceado-sin-sol-600x200.jpg 600w, https:\/\/etereafisioestetica.com\/wp-content\/uploads\/2023\/03\/Bronceado-sin-sol-300x100.jpg 300w, https:\/\/etereafisioestetica.com\/wp-content\/uploads\/2023\/03\/Bronceado-sin-sol-1024x341.jpg 1024w, https:\/\/etereafisioestetica.com\/wp-content\/uploads\/2023\/03\/Bronceado-sin-sol-768x256.jpg 768w, https:\/\/etereafisioestetica.com\/wp-content\/uploads\/2023\/03\/Bronceado-sin-sol-1536x512.jpg 1536w\" sizes=\"(max-width: 1920px) 100vw, 1920px\" \/><\/figure>\r\n\r\n\r\n\r\n<p class=\"has-white-color has-text-color has-background\" style=\"background-color: #ab6740; font-size: 16px;\"><strong><em>Desde Et\u00e9rea nos preocupa el cuidado de la piel, es por ello que queremos ofrecerte la soluci\u00f3n para lucir un color sano y natural.<\/em><\/strong> Si tienes cualquier otra duda estaremos encantadas de ayudarte!<\/p>\r\n\r\n\r\n\r\n<div class=\"wp-block-spacer\" style=\"height: 50px;\" aria-hidden=\"true\">\u00a0<\/div>\r\n","protected":false},"excerpt":{"rendered":"<p>\u00bfEn qu\u00e9 consiste el bronceado organico? Es un bronceado en spray, 100% natural, sin parabenos, vegano, sin sol, sin olor a bronceado falso y sin UVA, produciendo&#8230;<\/p>\n","protected":false},"author":1,"featured_media":0,"parent":3058,"menu_order":0,"comment_status":"closed","ping_status":"closed","template":"","meta":{"_monsterinsights_skip_tracking":false,"_monsterinsights_sitenote_active":false,"_monsterinsights_sitenote_note":"","_monsterinsights_sitenote_category":0,"footnotes":""},"class_list":["post-2830","page","type-page","status-publish","hentry"],"jetpack_sharing_enabled":true,"_links":{"self":[{"href":"https:\/\/etereafisioestetica.com\/index.php?rest_route=\/wp\/v2\/pages\/2830","targetHints":{"allow":["GET"]}}],"collection":[{"href":"https:\/\/etereafisioestetica.com\/index.php?rest_route=\/wp\/v2\/pages"}],"about":[{"href":"https:\/\/etereafisioestetica.com\/index.php?rest_route=\/wp\/v2\/types\/page"}],"author":[{"embeddable":true,"href":"https:\/\/etereafisioestetica.com\/index.php?rest_route=\/wp\/v2\/users\/1"}],"replies":[{"embeddable":true,"href":"https:\/\/etereafisioestetica.com\/index.php?rest_route=%2Fwp%2Fv2%2Fcomments&post=2830"}],"version-history":[{"count":16,"href":"https:\/\/etereafisioestetica.com\/index.php?rest_route=\/wp\/v2\/pages\/2830\/revisions"}],"predecessor-version":[{"id":2912,"href":"https:\/\/etereafisioestetica.com\/index.php?rest_route=\/wp\/v2\/pages\/2830\/revisions\/2912"}],"up":[{"embeddable":true,"href":"https:\/\/etereafisioestetica.com\/index.php?rest_route=\/wp\/v2\/pages\/3058"}],"wp:attachment":[{"href":"https:\/\/etereafisioestetica.com\/index.php?rest_route=%2Fwp%2Fv2%2Fmedia&parent=2830"}],"curies":[{"name":"wp","href":"https:\/\/api.w.org\/{rel}","templated":true}]}}

<div class="wp-block-columns alignfull is-layout-flex wp-container-core-columns-is-layout-9d6595d7 wp-block-columns-is-layout-flex">
<div class="wp-block-column is-layout-flow wp-block-column-is-layout-flow" style="flex-basis: 50%;">
<div class="wp-block-cover is-light" style="min-height: 600px;aspect-ratio:unset;">
<div class="wp-block-cover__inner-container is-layout-flow wp-block-cover-is-layout-flow"><div class="wp-block-image">
<figure class="aligncenter size-full"><img fetchpriority="high" decoding="async" width="512" height="512" class="wp-image-2833" src="https://etereafisioestetica.com/wp-content/uploads/2023/03/bronceado.jpg" alt="" srcset="https://etereafisioestetica.com/wp-content/uploads/2023/03/bronceado.jpg 512w, https://etereafisioestetica.com/wp-content/uploads/2023/03/bronceado-300x300.jpg 300w, https://etereafisioestetica.com/wp-content/uploads/2023/03/bronceado-100x100.jpg 100w, https://etereafisioestetica.com/wp-content/uploads/2023/03/bronceado-150x150.jpg 150w" sizes="(max-width: 512px) 100vw, 512px" />
<figcaption><strong>Bronceado sin sol</strong></figcaption>
</figure>
</div></div>
</div>
</div>



<div class="wp-block-column is-vertically-aligned-center is-layout-flow wp-block-column-is-layout-flow" style="padding: 1em;">
<div class="wp-block-columns is-layout-flex wp-container-core-columns-is-layout-9d6595d7 wp-block-columns-is-layout-flex">
<div class="wp-block-column is-layout-flow wp-block-column-is-layout-flow" style="flex-basis: 320px;">
<p class="has-text-color" style="color: #ab6740; font-size: 14px; line-height: 1.6;"><strong>¿En qué consiste el bronceado organico?</strong></p>



<p class="has-small-font-size">Es un bronceado en spray, <strong>100% natural</strong>, <strong>sin parabenos</strong>, vegano, sin sol, sin olor a bronceado falso y sin UVA, produciendo un bronceado sano, en <strong>una única sesión de 15 minutos</strong>.</p>



<p class="has-text-align-left has-text-color" style="color: #ab6740; font-size: 14px;"><strong>¿Cuánto dura?</strong></p>



<p class="has-small-font-size">El bronceado se aprecia de forma inmediata tras la pulverización y aumenta progresivamente durante las siguientes horas, manteniéndose <strong>entre</strong> <strong>7-10 días</strong> dependiendo del pH de la piel y los cuidados posteriores.</p>



<p class="has-text-color" style="color: #ab6740; font-size: 14px;"><strong>¿Quién puede utilizar este tipo de bronceado?</strong></p>



<p class="has-small-font-size">Cualquier tipo de persona, embarazadas, pieles atópicas, pieles con manchas..</p>



<p class="has-small-font-size">Al ser un producto natural, a base de aceites, está recomendado para cualquier tipo de piel, haciéndola lucir más hidratada, brillante y sana.</p>
</div>
</div>
</div>
</div>



<div class="wp-block-columns is-layout-flex wp-container-core-columns-is-layout-9d6595d7 wp-block-columns-is-layout-flex">
<div class="wp-block-column is-layout-flow wp-block-column-is-layout-flow">
<h5 class="has-text-color wp-block-heading" style="color: #ab6740; font-size: 14px;">¿Qué necesitas preparar para tu sesión de bronceado?</h5>



<h2 class="wp-block-heading" style="font-size: 18px;">PRE BRONCEADO ➡ 24HS ANTES</h2>



<ul class="has-small-font-size wp-block-list">
<li>Exfolia tu piel, preferiblemente con un guante de crin.</li>
<li>Depila las partes deseadas de tu cuerpo</li>
<li>No uses cremas ni aceites hidratantes</li>
</ul>



<h2 class="wp-block-heading" style="font-size: 18px;">BRONCEADO ➡ DÍA DE TU CITA</h2>



<ul class="has-small-font-size wp-block-list">
<li>Acude a tu cita sin cremas, maquillajes, aceites ni desodorantes.</li>
<li>Evita llevar joyas y relojes.</li>
<li>Acude a tu cita con ropa de color oscuro y suelta.</li>
</ul>



<h2 class="wp-block-heading" style="font-size: 18px;">POST BRONCEADO ➡ 24HS DESPUÉS</h2>



<ul class="has-small-font-size wp-block-list">
<li>Realiza la primera ducha a la hora que te indiquemos. Con agua tibia, usando jabón solo en las partes íntimas, sin exfoliar y ni usar esponjas. Seca a toques y no restriegues. 
<ul>
<li><strong>¡TEN EN CUENTA!</strong> En esta primera ducha, se eliminarán los correctores de color que son guías para realizar el bronceado. Los activos bronceadores comienzan a actuar inmediatamente después de la aplicación y se desarrollará completamente en las próximas 24 hs.</li>
</ul>
</li>
<li>Tras la primera ducha regular a las 12-24 hs, hidrata tu piel con cremas o aceites hidratantes. De esta forma ayudarás a que el bronceado dure mucho más tiempo en un estado óptimo.</li>
<li>Hidrata tu cuerpo también por dentro. Bebe mucha agua.</li>
</ul>
</div>
</div>



<figure class="wp-block-image size-full"><img decoding="async" width="1920" height="640" class="wp-image-2846" src="https://etereafisioestetica.com/wp-content/uploads/2023/03/Bronceado-sin-sol.jpg" alt="" srcset="https://etereafisioestetica.com/wp-content/uploads/2023/03/Bronceado-sin-sol.jpg 1920w, https://etereafisioestetica.com/wp-content/uploads/2023/03/Bronceado-sin-sol-600x200.jpg 600w, https://etereafisioestetica.com/wp-content/uploads/2023/03/Bronceado-sin-sol-300x100.jpg 300w, https://etereafisioestetica.com/wp-content/uploads/2023/03/Bronceado-sin-sol-1024x341.jpg 1024w, https://etereafisioestetica.com/wp-content/uploads/2023/03/Bronceado-sin-sol-768x256.jpg 768w, https://etereafisioestetica.com/wp-content/uploads/2023/03/Bronceado-sin-sol-1536x512.jpg 1536w" sizes="(max-width: 1920px) 100vw, 1920px" /></figure>



<p class="has-white-color has-text-color has-background" style="background-color: #ab6740; font-size: 16px;"><strong><em>Desde Etérea nos preocupa el cuidado de la piel, es por ello que queremos ofrecerte la solución para lucir un color sano y natural.</em></strong> Si tienes cualquier otra duda estaremos encantadas de ayudarte!</p>



<div class="wp-block-spacer" style="height: 50px;" aria-hidden="true"> </div>

<p>¿En qué consiste el bronceado organico? Es un bronceado en spray, 100% natural, sin parabenos, vegano, sin sol, sin olor a bronceado falso y sin UVA, produciendo&#8230;</p>
